factor of q and 115.
23
Let m = 140 - 143. Let r be 1477/(-21) + (-4)/m. Let z = -42 - r. Calculate the highest common divisor of z and 81.
27
Let b(k) = -k**3 + 57*k**2 + 41*k - 40. Let o be b(50). What is the highest common divisor of 10 and o?
10
Suppose 86 = -6*k + 8*k. Suppose -4*t + 80 = 4*v, 0 = -4*v + 4*t - k + 107. Suppose 3*b - 775 = -181. What is the greatest common divisor of b and v?
18
Let b = 8041 - 4822. What is the greatest common divisor of b and 174?
87
Suppose -675 = -4*f + 3*g - 596, -75 = -4*f - g. What is the greatest common factor of f and 1387?
19
Suppose 3*f - 134 = l + 1708, 3*l = 18. What is the highest common factor of 1386 and f?
154
Let u(p) = p**3 - 12*p**2 + 33*p - 121. Suppose -4*v + 4 + 36 = 0. Let w be u(v). What is the highest common divisor of 36 and w?
9
Suppose 3*u + 116064 = 65*u. What is the highest common divisor of 819 and u?
117
Suppose 0 = v + 5*l + 13 - 16, 2 = -2*l. Let r be 0 - 2/v - 3050/(-40). What is the highest common divisor of 114 and r?
38
Let g(f) = f**3 - 19*f**2 - 12*f - 83. Let p be 82/4 - (-44)/(-88). Let o be g(p). Calculate the greatest common factor of 77 and o.
77
Let q = -208 - -136. Let n(v) = -v**2 - 19*v - 38. Let s be n(-19). Let m = s - q. What is the greatest common factor of 306 and m?
34
Suppose 41*a + 5109 = 3*q + 40*a, -3*q = -5*a - 5133. What is the greatest common factor of 14 and q?
7
Let o(u) = -u**2 + 24*u - 75. Let b be o(20). Let h be 4 - (-7 + 13)/(-2 + b). Suppose 3*v + 4 = 7*v. What is the greatest common divisor of h and v?
1
Suppose 22 = 12*p - 26. Suppose 0 = -5*c + p*y - 129 + 758, 121 = c - 2*y. What is the highest common divisor of c and 43?
43
Let f be (2500/175)/((-4)/(-14)). Let j(b) = b**3 - 2*b**2 - 7*b + 4. Let l be j(7). What is the highest common factor of l and f?
50
Let c be -46*47*2/(-4). Let i be 153/(-17) - ((-18)/(12/(-4)) + (-570)/15). What is the highest common divisor of i and c?
23
Let s = -1196 - -1996. What is the highest common factor of 175 and s?
25
Let c be ((-11 - -25) + -10)*12. What is the highest common divisor of 22 and c?
2
Suppose 0 = -3*c, -5*i + 6*c = 5*c - 3410. Let z = 51 - 29. What is the greatest common divisor of i and z?
22
Let v be (-12 + (52 - 23))*(-5)/(-1). What is the greatest common factor of v and 13855?
85
Let s(r) = -2*r**3 + 20 - 30*r**2 + 15*r**2 + 3*r**3 + 13*r. Let h be s(14). Suppose 5*n + h*n = 825. Calculate the greatest common divisor of 5 and n.
5
Let a = -46325 - -77083. Calculate the highest common factor of 364 and a.
182
Let b be 7/(28/16) - -41. Suppose 17*j - 1440 = -23*j. What is the greatest common divisor of b and j?
9
Suppose 11*c - 4195 - 12205 = 16864. Calculate the highest common factor of 30 and c.
6
Let w = -6945 + 7023. Calculate the highest common divisor of w and 82.
2
Suppose -4*l = -3*m + 4662, 25165 = 11*m - 4*l + 8039. Calculate the greatest common divisor of 738 and m.
82
Let a be (8/14)/(-17 + (-2985)/(-175)). What is the highest common factor of a and 1070?
10
Suppose 27*p + 75 = 32*p. Let n = 6 + p. Suppose 2*h + 3*m - 23 = 0, 0 = -5*h + 6*h - 5*m + n. Calculate the greatest common factor of h and 6.
2
Let r(f) = -f**2 - 30*f + 35. Let n(w) = -2*w**2 + 9*w + 6. Let g be n(7). Let j be r(g). Calculate the highest common divisor of j and 96.
32
Suppose -3*y = 3*g - 3, 0 = -2*y + 7*g - 3*g - 10. Let s be -3*(2/((-30)/115) + y). What is the highest common factor of s and 130?
26
Let t be (0 - -21) + (-4)/(-2). Let b(v) = -v**2 + 184*v + 9340. Let l be b(225). What is the greatest common factor of l and t?
23
Let n = 412 - 347. Suppose -5*m - 110 = -2*j, -6*j - n = -7*j + 5*m. Suppose -5*b = -b - 120. What is the greatest common divisor of b and j?
15
Suppose -19*x - 3958 = -198*x + 6245. Let l be (4/(-6))/(4/(-18)). Calculate the highest common divisor of x and l.
3
Let c = 477 + -457. Let l(k) = 4*k - 5 + 8 - 7. Let b be l(3). What is the highest common factor of c and b?
4
Let g(v) = -v**2 - 69*v - 550. Let c be g(-47). Calculate the greatest common divisor of c and 3509.
121
Suppose 5*m + 4*p = 644, -3*m + 15*p + 388 = 17*p. What is the highest common divisor of m and 286?
22
Let g = 1934 - -1118. Calculate the highest common divisor of 14 and g.
14
Suppose 68*q + 58*q = -46*q + 144480. What is the greatest common divisor of 1820 and q?
140
Let w = -410 + 418. Let x be 13/52 + 1070/w - 4. Calculate the highest common factor of 52 and x.
26
Let s be 52/(-6)*27/(-3). Let g be s/12 + (-2)/4. Let b be 37*27738/28083 - 1/(22/12). What is the greatest common divisor of b and g?
6
Let a(r) = 122*r**2 - r - 2. Let g be a(1). What is the greatest common divisor of 629 and g?
17
Suppose 0*z + 5*z - 45 = 0. Suppose 19734 = 75*d + 18834. Calculate the highest common factor of z and d.
3
Let s(r) = -5*r + 144. Suppose 0 = k + 14*k - 390. Let q be s(k). What is the highest common divisor of q and 308?
14
Let r(j) = j**3 + 9*j**2 - 8*j + 24. Let a be r(-10). Suppose 0 = -5*v + h + a*h + 1045, 0 = -4*v + 5*h + 836. What is the highest common divisor of 11 and v?
11
Suppose -32 = -u + 48. Let f be (1 - (-8850)/u) + (-3)/(-8). Calculate the greatest common factor of 252 and f.
28
Let f(v) = 2*v + 294. Let l be f(-13). Calculate the highest common factor of 1206 and l.
134
Suppose -5*r + 1231 = 4*f, 0 = -0*f - 6*f + 4*r + 1812. Calculate the highest common factor of 418 and f.
38
Let p be (-1112)/80 - (-5)/(-50). Let y(c) = -c**3 - 15*c**2 - 10*c + 66. Let z be y(p). What is the highest common divisor of 5 and z?
5
Suppose 4*k = b + 12448, -22*k + 23*k = -2*b + 3103. What is the greatest common factor of k and 51?
51
Let d = -10212 - -12447. What is the greatest common factor of d and 45?
15
Let o be (2/10)/((-2)/(-4))*5. What is the highest common factor of o and 34?
2
Let g(p) = 11*p**3 - 6*p**2 + 20*p + 41. Let l be g(4). What is the greatest common factor of 189 and l?
27
Suppose 4*a = -4*m + 4, -3*a - 8 = -5*m - 5*a. Suppose -630 = -m*k - 3*k. Let d be 56/3 - 112/168. Calculate the highest common factor of d and k.
18
Let x(q) = q**3 - 5*q**2 + 48*q - 212. Let i be x(5). Suppose h - 168 = -h. Calculate the highest common divisor of i and h.
28
Let r = -1341 - -2052. Suppose 0 = 5*u - 1 + 26, 2*u - 17 = -3*v. What is the highest common divisor of r and v?
9
Let j be 277/4 - (-27)/36. Suppose 3*t - 192 = -3. What is the highest common divisor of t and j?
7
Let q = -34713 + 34860. Let b(h) = h**3 - h - 3. Let m(c) = c**2 - 5*c + 3. Let i be m(5). Let f be b(i). What is the greatest common factor of f and q?
21
Let s(k) = 3*k**2 + 10*k - 3. Let a be s(-7). Let l = 6051 + -6035. Suppose a = 2*g - l. Calculate the greatest common factor of 90 and g.
45
Let f = -25023 + 25287. Calculate the highest common divisor of f and 171.
3
Suppose -14 - 6 = -4*q, q = -3*i + 473. Suppose 470 = 19*r - 24*r. Let h = i + r. What is the highest common divisor of 31 and h?
31
Let r = 1081221 - 1080677. Let p be (-257)/(-5) + 4/(-10). What is the highest common divisor of r and p?
17
Let k = -2164 - -2170. Calculate the highest common divisor of 291 and k.
3
Let v = 8 + -23. Let o(a) = -a**2 - 15*a + 3. Let p be o(v). Suppose -u - p*c + c = -20, 3*u + 4*c = 62. Calculate the greatest common factor of 11 and u.
11
Suppose -8*k = 22 - 150. Suppose -2*n + 3*a + 37 + 62 = 0, -2 = 2*a. Let v = 112 - n. Calculate the highest common factor of k and v.
16
Let k = 3394 - 1899. Suppose 55 = -10*l + k. Calculate the highest common divisor of 16 and l.
16
Let x = 32195 + -31757. What is the highest common factor of 282 and x?
6
Let z = 4 - 13. Suppose -b - 3*w + 14 = 0, -14 = -3*b - w - w. Let j be 20 - (b/(-8) + z/(-4)). What is the greatest common divisor of 2 and j?
2
Let a be (4/8)/((-3)/(-12)). Suppose -1073*y - 2*c + 30 = -1071*y, -c = 4*y - 45. What is the greatest common factor of y and a?
2
Let n(t) = 2*t**3 + 9*t**2 + 4*t + 4. Let v be n(-4). Suppose -4*r - 144 = -4*p, -v*r - 37 = -2*p + 31. Calculate the highest common divisor of 114 and p.
38
Let u(b) = 2*b**2 + 6*b**3 - 15*b + 16*b - 1 - 3 + 2. Let l be u(1). What is the greatest common divisor of 133 and l?
7
Suppose 49*p - 58*p = -2169. Suppose 0 = p*f - 240*f - 15. What is the greatest common divisor of 20 and f?
5
Let c = -5420 + 5927. What is the gre